= v**2 + 9*v + 1. Determine r(-8).
-7
Let w(x) = 31*x**2 + 1. What is w(-1)?
32
Let o(p) = -9*p + 26. What is o(-8)?
98
Let u(k) = -k - 5. Calculate u(-6).
1
Let z(a) = -a**2 + 16*a - 9. What is z(12)?
39
Let i(n) = -n**2 + 12*n + 6. Give i(10).
26
Let k(n) = 2*n + 16. Calculate k(-7).
2
Let g(b) = b - 6. Give g(12).
6
Let h(f) = 10*f - 11. Calculate h(3).
19
Let m(v) = v - 13. Give m(25).
12
Let u(l) = -l**2 - 4*l - 3. Determine u(-3).
0
Let d(q) = 3*q. What is d(2)?
6
Let b(n) = -2*n**2 - 14*n - 12. Give b(-6).
0
Let x(j) = j**3 - 3*j**2 - j + 3. Calculate x(3).
0
Let b(j) = 6*j**2 + 4*j + 4. Calculate b(-1).
6
Let i(x) = -9*x**2 + x + 1. What is i(-1)?
-9
Let i(a) = 5*a**2 - 188*a - 68. Calculate i(38).
8
Let c(d) = d**3 + 8*d**2 + 13*d + 1. Determine c(-6).
-5
Let w(m) = 36*m - 478. Give w(13).
-10
Let a(x) = -x**3 - 3*x**2 + 7*x. Calculate a(-5).
15
Let t(l) = -2*l - 35. Calculate t(6).
-47
Let b(m) = m. Calculate b(2).
2
Let d(h) = -h**3 + 10*h**2 - 8*h + 2. Give d(9).
11
Let f(o) = -2*o**2 + 9*o + 15. Calculate f(-6).
-111
Let v(g) = 18*g**3 - 2*g**2 - 2*g - 1. Calculate v(-1).
-19
Let r(x) = -x**3 - 2*x**2 + 2*x + 2. Calculate r(-2).
-2
Let q(s) = -s**3 - 9*s**2 + 13*s + 29. Determine q(-10).
-1
Let q(f) = -3*f**3 + 2*f**2 + f - 6. Determine q(3).
-66
Let r(y) = -7*y - 1. Determine r(-1).
6
Let o(f) = -f**3 + 3*f**2 + 8*f - 7. Determine o(5).
-17
Let k(b) = -5*b - 37. Give k(-8).
3
Let f(k) = 3*k + 1. Determine f(-10).
-29
Let a(u) = -3*u - 5. Calculate a(-12).
31
Let w(y) = y**3 + 8*y**2 + y + 10. Determine w(-8).
2
Let r(b) = b**2 + 4*b - 4. Give r(-3).
-7
Let i(h) = 14*h + 21. Calculate i(-6).
-63
Let s(r) = -r**2 + 2*r + 8. What is s(7)?
-27
Let d(n) = n**2 - 5*n + 14. Give d(6).
20
Let a(s) = s**2 - 10*s - 3. What is a(11)?
8
Let l(v) = -v**3 + 11*v**2 - 6*v - 1. What is l(10)?
39
Let h(k) = -k**2 - 16*k + 10. Determine h(-15).
25
Let d(y) = 2*y**3 + 12*y**2 - 20*y - 42. What is d(-7)?
0
Let a(t) = t**3 - 4*t**2 + t - 3. What is a(4)?
1
Let x(o) = o**3 + 11*o**2 + 12*o + 22. Determine x(-10).
2
Let z(d) = 18*d + 12. Calculate z(3).
66
Let f(p) = 3*p**2 + 7*p + 1. Give f(2).
27
Let c(s) = s**2 + 7*s + 8. Determine c(-7).
8
Let b(q) = -16*q**3 - 2*q**2 - 2*q - 1. Give b(-1).
15
Let i(r) = -113*r + 448. Give i(4).
-4
Let p(j) = -17*j - 981. Give p(-57).
-12
Let o(g) = 5*g**3 - 2*g. What is o(2)?
36
Let k(b) = -b**3 - 15*b**2 - 12*b + 19. What is k(-14)?
-9
Let m(t) = -t**3 + 10*t**2 - 11*t + 7. Calculate m(9).
-11
Let r(w) = -w**2 + 19*w + 12. Calculate r(17).
46
Let k(q) = q**2 - 6*q. Give k(7).
7
Let l(i) = -i**2 - 13*i - 35. Calculate l(-12).
-23
Let s(r) = -r**3 + 16*r**2 + 17*r - 6. Determine s(17).
-6
Let j(x) = -x**3 + 17*x**2 - 2*x + 8. Give j(17).
-26
Let g(o) = -o**2 + 5*o - 10. Give g(6).
-16
Let m(i) = -13*i**2 + i. Determine m(1).
-12
Let w(q) = 3*q - 27. Calculate w(14).
15
Let p(z) = -z**2 + 75. Give p(-10).
-25
Let p(s) = -4*s. What is p(1)?
-4
Let q(j) = 9*j**2 + 262*j + 32. What is q(-29)?
3
Let o(t) = 2*t**2 - 67*t + 25. Determine o(33).
-8
Let x(r) = 2*r - 5. What is x(7)?
9
Let x(m) = m**3 - 30*m**2 + 123*m + 6. What is x(5)?
-4
Let q(t) = -t**3 - 8*t**2 - 7*t - 7. Calculate q(-8).
49
Let h(f) = f**3 + 16*f**2 + 3*f + 37. Determine h(-16).
-11
Let a(j) = -j**3 - 5*j**2 + 3*j + 2. Give a(-5).
-13
Let g(a) = 5*a - 18. Calculate g(5).
7
Let d(v) = 7*v + 24. Determine d(-3).
3
Let n(p) = -p - 18. Give n(-12).
-6
Let w(a) = a**2 - 12*a + 40. Give w(6).
4
Let l(o) = -o**3 + 13*o**2 + 14*o - 5. Give l(14).
-5
Let i(s) = -7*s - 13. Calculate i(-4).
15
Let y(v) = -40*v**2 + v. Give y(1).
-39
Let s(y) = -10*y + 516. Determine s(51).
6
Let z(f) = -119*f**2 + 2*f - 1. Calculate z(1).
-118
Let s(j) = -7*j - 29. Determine s(-5).
6
Let k(m) = -m**3 + 4*m**2 + 7*m - 2. Calculate k(5).
8
Let f(t) = 14*t + 90. Calculate f(-6).
6
Let c(l) = -2*l**2 - 3*l + 14. Give c(-4).
-6
Let x(m) = m**3 + 14*m**2 + 3*m + 32. Give x(-14).
-10
Let w(f) = -f**3 - 6*f**2 + 3*f + 7. What is w(-7)?
35
Let u(x) = 3*x**3 - 22*x**2 - 18*x + 2. What is u(8)?
-14
Let i(u) = u**3 - 7*u**2 - 6*u + 7. Determine i(7).
-35
Let r(j) = j**3 - 5*j**2 - 2*j + 1. What is r(6)?
25
Let q(f) = 3*f**2 - 3*f + 2. Determine q(2).
8
Let b(k) = -k**3 - 9*k**2 + 11*k + 18. Determine b(-10).
8
Let j(r) = 2*r - 97. Determine j(45).
-7
Let t(m) = -8*m - 34. Give t(-3).
-10
Let g(l) = l**3 + 8*l**2 - l - 49. What is g(-7)?
7
Let g(a) = a**3 - 3*a**2 - 8*a + 6. Determine g(4).
-10
Let a(z) = -z**3 - 2*z**2 - 5*z - 4. Give a(-2).
6
Let u(s) = -s**3 + 14*s**2 - 14*s + 27. Calculate u(13).
14
Let s(r) = 7*r + 1. Give s(1).
8
Let w(c) = -2*c - 2. Calculate w(3).
-8
Let l(j) = -6*j - 115. Give l(-17).
-13
Let r(f) = -f + 2. Give r(13).
-11
Let p(v) = -v**2 + 36*v + 71. Calculate p(38).
-5
Let k(d) = 61*d + 62. What is k(-1)?
1
Let x(t) = -t**3 - 29*t**2 - 33*t - 140. Give x(-28).
0
Let h(k) = k**2 + 37*k + 137. What is h(-4)?
5
Let q(m) = -m**3 - 37*m**2 + 2*m + 78. Determine q(-37).
4
Let q(l) = 9*l - 5. Give q(6).
49
Let q(b) = -b**2 - 3*b + 9. Give q(4).
-19
Let k(w) = w**3 - 4*w**2 - 5*w + 2. Determine k(5).
2
Let n(s) = -s - 11. Calculate n(-1).
-10
Let a(h) = 2*h + 4. Calculate a(3).
10
Let h(l) = -3*l**2 - 11*l + 41. Give h(-7).
-29
Let j(v) = -3*v**2 + 2*v + 5. What is j(3)?
-16
Let x(n) = -2*n + 5. What is x(0)?
5
Let c(d) = -3*d - 1. Give c(5).
-16
Let y(h) = -h**3 + 5*h**2 - 7*h + 4. What is y(4)?
-8
Let a(k) = k**3 - k**2 - k + 26. Give a(0).
26
Let d(t) = -t + 56. Determine d(0).
56
Let x(h) = -h**2 + 13*h - 34. Determine x(8).
6
Let g(t) = -9*t + 19. Calculate g(3).
-8
Let a(k) = 7*k**2 - k + 2. Give a(1).
8
Let g(n) = -3*n - 9. Give g(-7).
12
Let o(y) = y**3 - 7*y**2 - 9*y + 2. Give o(8).
-6
Let y(s) = 7*s - 6. Determine y(3).
15
Let k(g) = g**3 + 3*g**2 - g + 13. What is k(-4)?
1
Let h(d) = d**3 - 6*d**2 - d - 4. Determine h(5).
-34
Let r(k) = 4*k + 2. Give r(2).
10
Let x(u) = 2*u + 17. Give x(-7).
3
Let a(d) = -d**2 - 20*d + 26. Give a(-21).
5
Let p(w) = -w**2 - 39*w - 79. Calculate p(-37).
-5
Let x(i) = i**3 - 5*i**2 - 10*i + 19. Calculate x(5).
-31
Let c(z) = 2*z**2 - z. Determine c(5).
45
Let c(h) = -6*h**2 - 98*h - 40. Calculate c(-16).
-8
Let r(i) = -i**2 + 15*i - 20. Calculate r(9).
34
Let u(n) = n**2 + 40. Determine u(0).
40
Let u(i) = 18*i + 82. Determine u(-6).
-26
Let a(z) = z**2 + 5*z. Calculate a(-7).
14
Let u(d) = -26*d + 364. What is u(14)?
0
Let z(f) = -16*f**2 + 37*f - 5. What is z(2)?
5
Let b(l) = 6*l**3 - 3*l**2 - 2*l. Give b(-2).
-56
Let w(j) = j**3 + 13*j**2 + 13*j + 22. Calculate w(-12).
10
Let v(a) = -a**2 + 8*a - 12. What is v(5)?
3
Let x(o) = -13*o - 72. Determine x(-6).
6
Let r(v) = 9*v + 29. What is r(-4)?
-7
Let c(m) = 2*m + 2. Give c(10).
22
Let r(w) = -w**2 - 8*w - 3. Give r(-5).
12
Let h(b) = -b**2 - 19*b + 50. Calculate h(-23).
-42
Let y(o) = o**3 + 3*o**2 - 2*o + 3. What is y(2)?
19
Let l(f) = 2*f**2 + 8*f - 4. Give l(-6).
20
Let q(j) = 5*j - 20. What is q(8)?
20
Let z(r) = r**3 - 11*r**2 - 4*r + 23. What is z(11)?
-21
Let m(h) = -h**2 + 6*h + 138. Give m(15).
3
Let l(j) = 62*j - 300. What is l(5)?
10
Let s(h) = -2*h**3 + 7*h**2 - 14*h + 4. Determine s(2).
-12
Let o(d) = d + 9. Calculate o(13).
22
Let s(p) = p**3 - 10*p**2 - 8*p - 10. Determine s(11).
23
Let r(o) = -34*o. Give r(-1).
34
Let b(y) = -y**2 + 10*y - 14. Determine b(8).
2
Let i(g) = -g**3 - 10*g**2 + 11*g + 7. Calculate i(-11).
7
Let z(l) = l**2 - 2*l - 36. What is z(-6)?
12
Let l(o) = 27*o - 4. What is l(4)?
104
Let v(m) = -2*m**2 - 27*m + 9. Give v(-14).
-5
Let d(y) = y**2 + 2*y - 4. Determine d(-6).
20
Let o(r) = -20*r**3 - r**2. Give o(-1).
19
Let a(o) = -3*o - 19. Calculate a(6).
-37
Let o(z) = z**3 + 11*z + 2. Determine o(0).
2
Let h(n) = 9*n**2 + 4*n + 10. What is h(-3)?
79
Let w(x) = -5*x**3 - 4*x**2 + 3. What is w(-1)?
4
Let t(j) = 10*j + 70. Determine t(-7).
0
Let g(s) = -2*s**3 - 3*s**2 + s + 2. Calculate g(1).
-2
Let w(p) = p**3 + 13*p**2 + 10*p - 17. Give w(-12).
7
Let c(t) = t + 25. Give c(8).
33
Let k(u) = -13*u + 51. What is k(3)?
12
Let j(t) = -t - 72. Give j(-18).
-54
Let h(t) = -t**2 + 15*t - 59. Give h(10).
-9
Let d(f) = -6*f + 9. Give d(3).
-9
Let q(u) = -u**2 - 6*u + 17. Calculate q(-9).
-10
Let o(q) = 4*q + 10. Calculate o(-9).
-26
Let y(d) = -d 